uppose 14 = 4*k - o. Suppose 0 = k*x + 7 - 15. What is the units digit of x?
2
Suppose 0 = 5*y - 2*y - 15. Suppose r = y*r + 76. What is the units digit of 2/(-2)*(-2 + r)?
1
Let f(a) = -a**3 + 6*a**2 - a + 8. Let v be f(6). Let h = v - -14. What is the tens digit of h?
1
Let k(d) = d**3 - 6*d**2 + 5. Let a be k(6). Suppose 65 = 5*p + a*c, 3*c = 5*p + c - 72. What is the tens digit of p?
1
Let n be -3 - ((-1)/1 + -2). What is the units digit of 5 - n - (6 + -2)?
1
What is the units digit of 1*2 + 128/2?
6
Let b(z) be the first derivative of 6*z + 1/3*z**3 - 4*z**2 - 2. What is the units digit of b(8)?
6
What is the tens digit of (0 - 2 - 19)*-2?
4
Let z = 246 + -134. What is the units digit of z?
2
Let j(k) = 2*k - 7. Suppose -q = -1 - 1. Let z = 6 + q. What is the units digit of j(z)?
9
Suppose 0*r + r - 25 = 0. Suppose 5*x - 64 = -3*h, -3*h - 4*x + 21 = -41. Let p = r - h. What is the units digit of p?
7
Let z(h) = 4*h - 1. Let g be z(-3). Let k = g + 21. What is the units digit of k?
8
Suppose -8 = -p - 3*i, -5*i = 6*p - 3*p - 20. What is the units digit of p?
5
What is the tens digit of ((-18)/27)/((-4)/6)*40?
4
Suppose -3 = 4*r + z, -2*r + z + 2 = -5*r. Let j be ((-1)/2)/(r/2). Suppose 0*w + w = j. What is the units digit of w?
1
Suppose -j = 4*o + 22, 2*j + 2*o + 24 = -2*o. Let v(r) be the third derivative of -r**4/6 - r**3/6 + 5*r**2. What is the units digit of v(j)?
7
Suppose -2*y - 3*m + 67 = 0, 5*y = y + 5*m + 189. What is the tens digit of y?
4
Let q(m) = -m**3 - m + 119. What is the tens digit of q(0)?
1
Suppose -4*c + 50 = c. Let j(b) = 3*b - 14. Let d be j(c). What is the units digit of 4/d + 31/4?
8
Suppose -3*n - 5*k = -65, 5*n + 0*n = 5*k + 175. What is the units digit of n?
0
Suppose 0 = 5*i - 254 - 36. What is the units digit of i?
8
Suppose d - 954 = -5*x, 0 = -0*x - x - 3*d + 188. What is the units digit of x?
1
Let x = 65 + 217. What is the tens digit of x?
8
Suppose 19 = h - 3*x, h - 4*x - 4 = 19. Let m be (-1)/(-1*1/h). What is the units digit of m/4 - (-4)/16?
2
Let w(z) = z**3 + 4*z**2 - 6*z - 4. Let u be w(-5). Let p = 39 + u. What is the tens digit of p?
4
Let j(g) = g**3 + 4*g**2 - 6*g - 3. Let q be j(-5). What is the units digit of ((-2)/(-4))/(q/8)?
2
Suppose -6 = -5*u + 324. What is the units digit of u?
6
Let a(b) = 2*b - 6. Let k be a(8). Suppose 0*x = -5*x + k. What is the units digit of x?
2
Suppose 0 = 3*m + 5*r - 256, 6*m - 3*m - 280 = r. What is the tens digit of m?
9
Suppose -w = 4*x - 227, 6*x - 2*w = 2*x + 218. Let u be 1/(-3) + x/6. Suppose -t - 2*t + u = 0. What is the units digit of t?
3
Let h = 72 + 30. What is the units digit of h?
2
What is the tens digit of (-4)/6 + 41/3?
1
Suppose 0 = -3*v + 17 + 118. What is the units digit of v?
5
Let k = -87 - -152. Suppose 4*y + 7*g - k = 2*g, -3*g - 25 = -4*y. What is the units digit of (6/(-10))/((-2)/y)?
3
Suppose -5*v + 8 + 67 = 0. What is the units digit of v?
5
Suppose -5*b = -b + 4. What is the units digit of (32/(-1))/(-3 - b)?
6
Suppose 2*s = -4*s + 318. What is the tens digit of s?
5
Suppose 4 = -h + 78. What is the tens digit of h?
7
Let n be 38/8 - 1/(-4). Let x(v) = v**2 + v + 3. Let j be x(-3). Suppose 2*m - n*m = -j. What is the units digit of m?
3
Suppose -7*c + 3*k = -2*c - 147, 2*k + 62 = 2*c. What is the units digit of c?
7
Suppose 2*i + 131 - 627 = 0. What is the tens digit of i?
4
Suppose 6*k - 166 = 44. What is the units digit of k?
5
Suppose -8*y - 216 = -5*l - 6*y, -4*l = -y - 174. What is the tens digit of l?
4
Suppose 9 = -y + 57. What is the tens digit of y?
4
Let d(o) = 2*o**3 - 2*o**2 + 5*o - 3. What is the tens digit of d(4)?
1
Let d be ((-10)/25)/(2/(-10)). Let b(p) = 3*p**3 - 3*p**2 + 2*p + 2. What is the units digit of b(d)?
8
Let d be (-128)/7 + (-2)/(-7). Let m be (-6)/2 - (4 + 3). Let t = m - d. What is the units digit of t?
8
Suppose 2*i + 88 = x, -i - 4*i + 185 = 2*x. What is the units digit of x?
0
Let k(r) = -r**3 - 4*r**2 - r - 5. Let t be k(-4). What is the units digit of -2 - (2 - t - 10)?
5
Suppose -s + 0*s = -2*w + 73, 0 = 2*w + s - 71. Suppose j = -j + w. What is the units digit of j?
8
Suppose -5*b + 204 = -b. What is the units digit of b?
1
Let y(r) = r + 4. Let t be y(-3). Suppose -2*f - 2*w - 4 = 2*w, 3*w + 6 = 0. Suppose -3*c + t = -f. What is the units digit of c?
1
What is the units digit of 236/4 - (-2 - -2)?
9
What is the tens digit of 1/((-10)/4) - 932/(-5)?
8
Suppose 4*r + 4 = 8. Let g(f) = 13*f**2 + f - 1. What is the units digit of g(r)?
3
Let y be ((-1)/1)/((-5)/45). Suppose -l = -f - y, 0*l - 4*f - 1 = 3*l. Suppose 1 = -l*b + 6. What is the units digit of b?
1
Let z(n) = -7*n**2 + 5*n - 3. Let g be z(3). Let h = 95 + g. What is the units digit of h?
4
Suppose 3*y = -0*y - 36. Let l be -3*1/(-3) - y. Let p = l - 4. What is the units digit of p?
9
Suppose l + 3*l + 8 = 4*r, -20 = -2*l - 4*r. Suppose -2*s - 13 = -3*f - 2*f, -f = l*s + 7. What is the units digit of f?
1
Let s(q) = -q**3 - 11*q**2 - 9*q + 11. Let r be s(-10). What is the tens digit of (r + 22/(-4))*-4?
1
Suppose 9*p = 7*p + 6. Suppose -p*m + 70 = v + 18, 3*m - 2*v = 49. What is the tens digit of m?
1
Let q(z) = -8*z - 49. What is the units digit of q(-9)?
3
What is the units digit of 0 + (-6)/(-3) + -1?
1
Let k = 19 - 9. What is the units digit of k?
0
Suppose 0 = -u + 2 + 4. Let g = u - -3. What is the units digit of g?
9
Let r(i) = i - 9. Let a be r(10). Let u(y) = 3*y + 5. Let j(l) = l + 2. Let p(x) = -7*j(x) + 3*u(x). What is the units digit of p(a)?
3
Suppose -9*g - 426 = -2046. What is the units digit of g?
0
Let u(s) be the third derivative of s**4/24 - s**3/6 + s**2. Let k = -7 - -10. What is the units digit of u(k)?
2
Suppose -6*p - 99 = -7*p. What is the units digit of p?
9
Let c(q) = q**2 + 3. Let d be c(0). What is the units digit of (-1)/d - (-57)/9?
6
Let m(p) be the first derivative of p**2 + 2 + 1/3*p**3 - 7*p. What is the units digit of m(-5)?
8
Let r(k) = 2*k - 2. Let i be r(1). Suppose i = -3*q + 6 + 48. What is the units digit of q?
8
Let k(u) = 4*u + 1. Let y = 4 + 2. What is the tens digit of k(y)?
2
Suppose f + 13 = 6*f + 3*m, f - 6 = -4*m. Suppose -f*p = -p + 2. What is the units digit of (-288)/(-20) - p/(-5)?
4
Let u be 18/6 - (2 - 1). Suppose u*a + a = 27. What is the tens digit of ((-10)/3)/((-3)/a)?
1
Let f(i) = 0 - 4 + 3 + i. What is the tens digit of f(15)?
1
Let x(i) = i**3 + 8*i**2 + 2*i + 11. Let z be x(-8). What is the units digit of z/(-5) + -1 + 1?
1
What is the hundreds digit of (-6)/(-3) + 11/(55/1725)?
3
Let y = 13 + -8. Suppose -y*a = 3*u - 51, -7 - 8 = -a + u. What is the tens digit of a?
1
Suppose -2*s = -202 - 78. Suppose 4*z - s = 48. What is the units digit of z?
7
Suppose 4*i = -3*l + 12, -6*i + i = 2*l - 15. Suppose 5*a - n - 24 = -l*a, 4 = 4*n. Suppose 5*s = 4*q + 1, -4*q - 5*s + 4*s = -a. What is the units digit of q?
1
Let r(a) = 7 + 1 + a**2 - 2 - 4*a. What is the units digit of r(4)?
6
Let a(z) = 6*z**2 - 2. Let v be a(-2). Suppose -q = -v - 13. What is the tens digit of q?
3
Suppose -2*j + 16 = c + 6, -2*c - 2*j + 10 = 0. Suppose c = -4*t + 1 + 3, 0 = -5*w - 2*t + 2. What is the units digit of (-9)/((-9)/6 + w)?
6
Let v(k) = 0*k**2 - 2*k**2 + k**3 - 6*k**2 + 8. Suppose -6*z = -9*z + 24. What is the units digit of v(z)?
8
Let t(v) = v**2 - v - 3. Let j be t(0). Let o be (3 - 3) + (0 - j). Suppose -o*k + 28 = -2. What is the tens digit of k?
1
Let w = 55 - 33. Let f(z) = 8*z - 4. Let l be f(5). Let v = l - w. What is the tens digit of v?
1
Suppose -3*b - k = -438, 5*b - 208 = -k + 524. Suppose 4*r + 31 = b. What is the units digit of r?
9
Let w(y) be the first derivative of y**4/4 - 4*y**3 + y**2 - 4*y + 3. What is the tens digit of w(12)?
2
Let w = -3 - -5. Suppose -3*s - w*l + 49 = -l, -s - 4*l = -31. What is the tens digit of s?
1
Suppose 0 = g - 0*g. What is the tens digit of g + 19 + (-2 - 0)?
1
What is the units digit of (-1)/5 - 1*(-2524)/20?
6
Suppose 0 = g - 2*d - 8, 2*g = -2*d + 7*d + 19. Let j(k) = k**2 + k. Let u be j(g). Let x = u + 8. What is the tens digit of x?
1
Let u be (-3)/3*-3*1. Suppose 5 = u*o + 2*o. What is the units digit of o?
1
Let a be -3 - (2 - 1*50). Let y = -31 + a. What is the units digit of y?
4
Let u = 83 + -65. What is the units digit of u?
8
Le